is divided by 51.
36
What is the remainder when 116 is divided by 24?
20
What is the remainder when 178 is divided by 23?
17
Calculate the remainder when 3568 is divided by 74.
16
Calculate the remainder when 16797 is divided by 96.
93
Calculate the remainder when 151 is divided by 52.
47
Calculate the remainder when 1109 is divided by 554.
1
Calculate the remainder when 14 is divided by 5.
4
Calculate the remainder when 445 is divided by 217.
11
Calculate the remainder when 375 is divided by 63.
60
Calculate the remainder when 40 is divided by 11.
7
What is the remainder when 250 is divided by 42?
40
What is the remainder when 651 is divided by 22?
13
Calculate the remainder when 177 is divided by 61.
55
What is the remainder when 130 is divided by 70?
60
What is the remainder when 113 is divided by 41?
31
Calculate the remainder when 90 is divided by 38.
14
What is the remainder when 165 is divided by 24?
21
What is the remainder when 138 is divided by 85?
53
What is the remainder when 105 is divided by 41?
23
What is the remainder when 5516 is divided by 31?
29
What is the remainder when 2181 is divided by 182?
179
Calculate the remainder when 234 is divided by 74.
12
What is the remainder when 49 is divided by 27?
22
What is the remainder when 126 is divided by 23?
11
Calculate the remainder when 173 is divided by 58.
57
Calculate the remainder when 65 is divided by 18.
11
What is the remainder when 284 is divided by 69?
8
What is the remainder when 1521 is divided by 747?
27
What is the remainder when 1426 is divided by 55?
51
What is the remainder when 135 is divided by 72?
63
Calculate the remainder when 287 is divided by 222.
65
What is the remainder when 46 is divided by 36?
10
Calculate the remainder when 301 is divided by 68.
29
Calculate the remainder when 168 is divided by 34.
32
Calculate the remainder when 14688 is divided by 10.
8
What is the remainder when 63 is divided by 4?
3
Calculate the remainder when 95 is divided by 25.
20
Calculate the remainder when 3331 is divided by 238.
237
Calculate the remainder when 1055 is divided by 23.
20
What is the remainder when 978 is divided by 109?
106
Calculate the remainder when 38 is divided by 13.
12
What is the remainder when 1628 is divided by 163?
161
What is the remainder when 55 is divided by 29?
26
What is the remainder when 138 is divided by 16?
10
What is the remainder when 1176 is divided by 51?
3
What is the remainder when 1986 is divided by 181?
176
Calculate the remainder when 152 is divided by 45.
17
What is the remainder when 342 is divided by 4?
2
Calculate the remainder when 718 is divided by 137.
33
Calculate the remainder when 142 is divided by 4.
2
Calculate the remainder when 449 is divided by 110.
9
What is the remainder when 962 is divided by 95?
12
Calculate the remainder when 229 is divided by 63.
40
Calculate the remainder when 1096 is divided by 271.
12
Calculate the remainder when 42 is divided by 21.
0
What is the remainder when 32 is divided by 27?
5
What is the remainder when 280 is divided by 196?
84
Calculate the remainder when 139 is divided by 7.
6
What is the remainder when 301 is divided by 132?
37
Calculate the remainder when 592 is divided by 271.
50
Calculate the remainder when 93 is divided by 37.
19
What is the remainder when 87 is divided by 5?
2
What is the remainder when 179 is divided by 9?
8
What is the remainder when 596 is divided by 121?
112
Calculate the remainder when 9 is divided by 3.
0
Calculate the remainder when 6113 is divided by 1524.
17
What is the remainder when 1436 is divided by 32?
28
What is the remainder when 301 is divided by 61?
57
What is the remainder when 12 is divided by 11?
1
What is the remainder when 338 is divided by 82?
10
Calculate the remainder when 1273 is divided by 11.
8
Calculate the remainder when 149 is divided by 75.
74
What is the remainder when 3447 is divided by 173?
160
Calculate the remainder when 208 is divided by 92.
24
Calculate the remainder when 68 is divided by 10.
8
Calculate the remainder when 3779 is divided by 20.
19
What is the remainder when 198 is divided by 52?
42
What is the remainder when 1214 is divided by 15?
14
Calculate the remainder when 881 is divided by 63.
62
What is the remainder when 5397 is divided by 27?
24
What is the remainder when 294 is divided by 51?
39
Calculate the remainder when 2345 is divided by 2311.
34
What is the remainder when 282 is divided by 45?
12
What is the remainder when 229 is divided by 22?
9
Calculate the remainder when 88 is divided by 49.
39
What is the remainder when 508 is divided by 27?
22
What is the remainder when 156 is divided by 149?
7
What is the remainder when 215 is divided by 46?
31
What is the remainder when 837 is divided by 60?
57
What is the remainder when 502 is divided by 51?
43
What is the remainder when 115 is divided by 89?
26
Calculate the remainder when 1006 is divided by 84.
82
Calculate the remainder when 434 is divided by 44.
38
What is the remainder when 328 is divided by 22?
20
What is the remainder when 1295 is divided by 16?
15
What is the remainder when 690 is divided by 164?
34
Calculate the remainder when 442 is divided by 218.
6
Calculate the remainder when 99 is divided by 10.
9
Calculate the remainder when 321 is divided by 4.
1
What is the remainder when 30 is divided by 8?
6
Calculate the remainder when 21 is divided by 15.
6
What is the remainder when 903 is divided by 229?
216
Calculate the remainder when 412 is divided by 83.
80
Calculate the remainder when 206 is divided by 63.
17
What is the remainder when 1842 is divided by 454?
26
Calculate the remainder when 291 is divided by 7.
4
Calculate the remainder when 74 is divided by 38.
36
What is the remainder when 211 is divided by 29?
8
Calculate the remainder when 5584 is divided by 98.
96
What is the remainder when 767 is divided by 24?
23
What is the remainder when 264 is divided by 61?
20
What is the remainder when 284 is divided by 89?
17
Calculate the remainder when 1883 is divided by 29.
27
What is the remainder when 180 is divided by 26?
24
Calculate the remainder when 161 is divided by 80.
1
Calculate the remainder when 1575 is divided by 10.
5
Calculate the remainder when 20 is divided by 8.
4
What is the remainder when 2446 is divided by 136?
134
What is the remainder when 198 is divided by 68?
62
What is the remainder when 338 is divided by 86?
80
What is the remainder when 1435 is divided by 39?
31
What is the remainder when 1143 is divided by 380?
3
What is the remainder when 504 is divided by 39?
36
Calculate the remainder when 94 is divided by 32.
30
What is the remainder when 1395 is divided by 11?
9
What is the remainder when 81 is divided by 24?
9
What is the remainder when 1019 is divided by 243?
47
Calculate the remainder when 287 is divided by 60.
47
Calculate the remainder when 317 is divided by 14.
9
Calculate the remainder when 63 is divided by 12.
3
Calculate the remainder when 211 is divided by 27.
22
Calculate the remainder when 97 is divided by 7.
6
What is the remainder when 722 is divided by 35?
22
What is the remainder when 370 is divided by 53?
52
Calculate the remainder when 314 is divided by 106.
102
Calculate the remainder when 482 is divided by 81.
77
Calculate the remainder when 836 is divided by 30.
26
What is the remainder when 925 is divided by 16?
13
Calculate the remainder when 145 is divided by 19.
12
Calculate the remainder when 175 is divided by 18.
13
Calculate the remainder when 11 is divided by 1.
0
Calculate the remainder when 1432 is divided by 5.
2
What is the remainder when 197 is divided by 40?
37
Calculate the remainder when 91 is divided by 5.
1
Calculate the remainder when 636 is divided by 13.
12
Calculate the remainder when 821 is divided by 26.
15
Calculate the remainder when 400 is divided by 377.
23
What is the remainder when 81 is divided by 7?
4
Calculate the remainder when 3624 is divided by 191.
186
What is the remainder when 230 is divided by 130?
100
Calculate the remainder when 1671 is divided by 25.
21
What is the remainder when 2619 is divided by 43?
39
Calculate the remainder when 676 is divided by 11.
5
What is the remainder when 189 is divided by 41?
25
Calculate the remai